er when 491681 is divided by 1033?
1006
What is the remainder when 58736578 is divided by 3745?
3743
What is the remainder when 266918 is divided by 4766?
22
What is the remainder when 19720924 is divided by 9860458?
8
What is the remainder when 151307412 is divided by 26?
22
Calculate the remainder when 5356750 is divided by 1785497.
259
What is the remainder when 566925 is divided by 2541?
282
Calculate the remainder when 13428 is divided by 3534.
2826
What is the remainder when 50545208 is divided by 50545205?
3
Calculate the remainder when 62635 is divided by 31071.
493
What is the remainder when 7166660 is divided by 209?
50
Calculate the remainder when 136625 is divided by 68281.
63
Calculate the remainder when 568323 is divided by 284115.
93
Calculate the remainder when 5432416 is divided by 1053.
1042
What is the remainder when 6196452 is divided by 9?
6
What is the remainder when 25807634 is divided by 586537?
6
What is the remainder when 238206 is divided by 2413?
1732
What is the remainder when 184373 is divided by 312?
293
What is the remainder when 211976 is divided by 19268?
28
What is the remainder when 236776172 is divided by 342?
338
What is the remainder when 1034405 is divided by 27956?
33
Calculate the remainder when 441266040 is divided by 13.
7
What is the remainder when 48326 is divided by 10913?
4674
Calculate the remainder when 321197 is divided by 212.
17
Calculate the remainder when 317188 is divided by 9.
1
What is the remainder when 12425645 is divided by 9478?
9465
What is the remainder when 283801 is divided by 56752?
41
What is the remainder when 4865363 is divided by 659?
625
What is the remainder when 1112422 is divided by 262?
232
Calculate the remainder when 8304151 is divided by 224.
23
Calculate the remainder when 612764 is divided by 317.
3
Calculate the remainder when 3233440 is divided by 3233424.
16
Calculate the remainder when 292452 is divided by 287.
286
Calculate the remainder when 77735 is divided by 258.
77
What is the remainder when 11622195 is divided by 1291354?
9
What is the remainder when 6405633 is divided by 6393?
6240
What is the remainder when 469869 is divided by 2129?
1489
Calculate the remainder when 1685605246 is divided by 3456.
3454
What is the remainder when 173216 is divided by 20?
16
What is the remainder when 83560 is divided by 27832?
64
What is the remainder when 115481984 is divided by 5?
4
What is the remainder when 8328206 is divided by 16?
14
What is the remainder when 118317 is divided by 32?
13
What is the remainder when 33691 is divided by 796?
259
What is the remainder when 21719350 is divided by 3619883?
52
Calculate the remainder when 12706232 is divided by 182.
84
What is the remainder when 61306356 is divided by 84444?
12
Calculate the remainder when 73041979 is divided by 31.
27
What is the remainder when 240117 is divided by 194?
139
What is the remainder when 223737802 is divided by 12?
10
What is the remainder when 212134908 is divided by 407?
403
What is the remainder when 23143218 is divided by 11?
10
Calculate the remainder when 231029 is divided by 687.
197
Calculate the remainder when 2545960 is divided by 2545950.
10
Calculate the remainder when 48205535 is divided by 124.
39
What is the remainder when 907647 is divided by 5932?
51
What is the remainder when 3785289 is divided by 270?
159
Calculate the remainder when 229808 is divided by 76590.
38
Calculate the remainder when 34607823 is divided by 89.
84
Calculate the remainder when 5874150 is divided by 367134.
6
Calculate the remainder when 1229348 is divided by 586.
506
What is the remainder when 2045741 is divided by 1022846?
49
Calculate the remainder when 83557319 is divided by 5.
4
Calculate the remainder when 221316 is divided by 27.
24
What is the remainder when 20403 is divided by 2054?
1917
Calculate the remainder when 102692 is divided by 34063.
503
Calculate the remainder when 5591933 is divided by 328933.
72
Calculate the remainder when 170681021 is divided by 115.
91
What is the remainder when 10380 is divided by 2771?
2067
Calculate the remainder when 350379772 is divided by 2099.
2098
What is the remainder when 2315631 is divided by 16?
15
What is the remainder when 1432252 is divided by 8628?
4
What is the remainder when 1572911 is divided by 58254?
53
What is the remainder when 623106 is divided by 124602?
96
Calculate the remainder when 4061787 is divided by 14770.
37
What is the remainder when 35621004 is divided by 1548739?
7
What is the remainder when 676483 is divided by 489?
196
What is the remainder when 8461707 is divided by 1208815?
2
Calculate the remainder when 352169 is divided by 200.
169
What is the remainder when 548092 is divided by 271209?
5674
Calculate the remainder when 1574685355 is divided by 213.
211
Calculate the remainder when 24482173 is divided by 81.
4
What is the remainder when 15482682 is divided by 673156?
94
Calculate the remainder when 15833902 is divided by 16.
14
Calculate the remainder when 52171 is divided by 4737.
64
Calculate the remainder when 122173 is divided by 703.
554
What is the remainder when 22159346 is divided by 25?
21
What is the remainder when 13849372 is divided by 6924684?
4
Calculate the remainder when 203972 is divided by 3923.
3899
Calculate the remainder when 4347769 is divided by 11594.
19
What is the remainder when 823681 is divided by 10697?
12
What is the remainder when 2591948 is divided by 1295887?
174
Calculate the remainder when 36545368 is divided by 96.
88
What is the remainder when 306614 is divided by 153238?
138
What is the remainder when 6621 is divided by 1627?
113
What is the remainder when 5751288 is divided by 9916?
8
What is the remainder when 2605743 is divided by 96508?
27
What is the remainder when 79541827 is divided by 10?
7
What is the remainder when 1818412 is divided by 909038?
336
Calculate the remainder when 148400 is divided by 42.
14
Calculate the remainder when 189758747 is divided by 31.
28
Calculate the remainder when 8816131 is divided by 284390.
41
What is the remainder when 47511065 is divided by 17728?
25
Calculate the remainder when 351506 is divided by 60.
26
Calculate the remainder when 733205 is divided by 2065.
130
Calculate the remainder when 38598 is divided by 9295.
1418
What is the remainder when 295600 is divided by 275?
250
What is the remainder when 259249 is divided by 87?
76
What is the remainder when 52748 is divided by 332?
292
Calculate the remainder when 5097324 is divided by 11993.
299
What is the remainder when 5983792 is divided by 182?
178
Calculate the remainder when 37653411 is divided by 627556.
51
Calculate the remainder when 25614 is divided by 3938.
1986
Calculate the remainder when 30585 is divided by 2427.
1461
Calculate the remainder when 222252 is divided by 3375.
2877
What is the remainder when 5133946 is divided by 1474?
4
What is the remainder when 7680681 is divided by 240021?
9
What is the remainder when 45640932 is divided by 68?
12
Calculate the remainder when 11257531 is divided by 46.
43
Calculate the remainder when 15941158 is divided by 40.
38
Calculate the remainder when 102761 is divided by 52.
9
Calculate the remainder when 135135 is divided by 1654.
1161
Calculate the remainder when 2586 is divided by 1751.
835
What is the remainder when 72822814 is divided by 1086?
1084
What is the remainder when 74085475 is divided by 149?
142
What is the remainder when 7962459 is divided by 1860?
1659
What is the remainder when 385545 is divided by 192679?
187
What is the remainder when 22941 is divided by 22115?
826
What is the remainder when 1719678 is divided by 18692?
14
Calculate the remainder when 12653 is divided by 5782.
1089
What is the remainder when 1210223 is divided by 304?
303
What is the remainder when 5526206 is divided by 1093?
1091
Calculate the remainder when 437384 is divided by 138.
62
Calculate the remainder when 2643937 is divided by 294.
289
What is the remainder when 19430130 is divided by 2599?
6
Calculate the remainder when 11338035 is divided by 323943.
30
Calculate the remainder when 1082501 is divided by 468.
17
Calculate the remainder when 236141384 is divided by 12887.
12883
Calculate the remainder when 7927511 is divided